(i) = i**3 - 40*i**2 + 37*i + 77. Calculate b(39).
-1
Let u(g) = -g**3 - 173*g**2 + 3028*g + 756. Determine u(-189).
0
Let n(s) = -6*s + 218. Give n(28).
50
Let d(h) = 247*h - 1704. Determine d(7).
25
Let m(n) = n**2 + 8*n - 53. Give m(14).
255
Let b(a) = a**3 + 3*a**2 - 42*a + 228. Give b(-10).
-52
Let x(y) = -2*y**2 - 15*y - 27. Calculate x(-3).
0
Let y(o) = o**3 + 33*o**2 + 235*o - 159. What is y(-22)?
-5
Let c(u) = 8*u**2 + 199*u - 31. Give c(-25).
-6
Let s(h) = -h**3 - 7*h**2 - 13*h - 19. What is s(-5)?
-4
Let w(j) = 703*j**2 - 2814*j + 11. Calculate w(4).
3
Let a(p) = -5*p**2 - 16*p - 19. Determine a(-4).
-35
Let i(w) = 112*w + 930. Calculate i(-8).
34
Let b(v) = v**2 + 93*v - 3103. Determine b(-120).
137
Let q(x) = -x**3 + 342*x**2 - 1003*x - 4746. Determine q(339).
0
Let h(l) = l**2 + 53*l - 3958. What is h(-94)?
-104
Let t(v) = 4*v**2 + 15*v - 3. Calculate t(4).
121
Let f(u) = -u**3 + 9*u**2 + 20*u - 94. What is f(9)?
86
Let l(a) = 2*a**3 + 121*a**2 - 68*a - 436. What is l(-61)?
-9
Let i(q) = 138*q - 326. What is i(3)?
88
Let o(n) = n**3 - 17*n**2 + 79*n - 722. Determine o(15).
13
Let i(m) = 5*m**2 - 70*m - 183. Give i(16).
-23
Let b(z) = -75*z + 4690. Give b(60).
190
Let u(f) = -f**3 + 113*f**2 + 369*f - 2450. Calculate u(116).
-14
Let l(f) = -f**3 + 9*f**2 - 18*f - 16. Calculate l(6).
-16
Let p(z) = 112*z + 14206. Give p(-127).
-18
Let q(p) = -30*p**2 - 2851*p - 97. Calculate q(-95).
-2
Let d(a) = -2*a**2 + 41*a + 74. Calculate d(22).
8
Let h(k) = -k**2 - 52*k + 796. Determine h(12).
28
Let x(b) = b**3 - 32*b**2 + 180*b - 127. What is x(25)?
-2
Let n(q) = 3*q**3 - 14*q**2 - 5*q - 101. Calculate n(6).
13
Let s(y) = 1118*y + 3386. Give s(-3).
32
Let v(a) = -4*a**2 - 75*a + 131. Calculate v(-20).
31
Let n(q) = -20*q**2 - 21*q - 37. Give n(-4).
-273
Let r(a) = -55*a**3 - 109*a**2 - 43*a - 86. What is r(-2)?
4
Let j(y) = -57*y**2 - 705*y - 848. Determine j(-11).
10
Let y(g) = -4923*g + 9850. Calculate y(2).
4
Let g(n) = 3*n**3 - 3*n**2 - 2*n + 20. Calculate g(6).
548
Let a(c) = 5*c**3 - 73*c**2 - 60*c. Determine a(15).
-450
Let k(j) = 3*j**2 - 3*j - 77. Determine k(4).
-41
Let h(p) = 69*p + 626. What is h(-8)?
74
Let d(w) = -725*w + 4354. Give d(6).
4
Let n(m) = 5*m**3 - 18*m**2 + 3*m - 4. Determine n(3).
-22
Let y(b) = b**2 - 672*b + 44251. Determine y(74).
-1
Let a(u) = -33*u - 4. Calculate a(0).
-4
Let x(s) = 145*s + 11307. Determine x(-78).
-3
Let x(o) = -o**2 + 58*o - 756. Calculate x(34).
60
Let j(u) = 678*u + 5484. Give j(-8).
60
Let l(r) = r**3 + 95*r**2 + 96*r + 170. Calculate l(-94).
-18
Let q(z) = -z**2 + 2284*z + 48406. Give q(-21).
1
Let j(p) = -114*p + 7410. Determine j(65).
0
Let s(i) = -81*i - 95. What is s(4)?
-419
Let w(j) = 302*j + 2405. Calculate w(-8).
-11
Let t(v) = 2*v**3 + 108*v**2 + 304*v - 116. Determine t(-51).
-14
Let x(y) = 21*y + 1214. Calculate x(-54).
80
Let t(b) = -b**2 - 22*b + 100. Calculate t(-26).
-4
Let i(t) = 6*t**2 - 268*t - 287. Give i(-1).
-13
Let g(b) = 55*b - 203. Give g(-1).
-258
Let m(c) = c**3 - 7*c**2 - 38*c + 157. What is m(9)?
-23
Let d(k) = 2*k**3 - 32*k**2 - 1302. Determine d(18).
-6
Let u(p) = -20*p**2 - 134*p + 51. Give u(-7).
9
Let g(u) = u**2 - 105*u + 1429. Calculate g(89).
5
Let s(h) = -2*h**3 + 7*h**2 - 20*h - 8. What is s(4)?
-104
Let g(f) = 21*f**2 + 5*f - 2. Determine g(2).
92
Let g(c) = 3*c**2 + 81*c + 181. Calculate g(-19).
-275
Let u(s) = -117*s - 6005. What is u(-51)?
-38
Let y(p) = -p**3 + 16*p**2 - 4*p - 203. Calculate y(15).
-38
Let g(t) = 2*t**2 + 32*t + 149. Determine g(-11).
39
Let i(h) = -315*h - 2190. Determine i(-7).
15
Let n(z) = z**2 + 46*z + 321. What is n(-42)?
153
Let c(m) = -12*m + 209. Calculate c(18).
-7
Let t(y) = y**2 + 51*y + 570. Determine t(-15).
30
Let u(f) = 12*f + 99. Give u(-16).
-93
Let h(o) = 10948*o - 109505. What is h(10)?
-25
Let i(q) = 3*q**2 + 44*q - 172. Calculate i(-18).
8
Let l(y) = -y**3 + 9*y**2 - 44*y + 72. Calculate l(5).
-48
Let o(f) = -317*f + 29103. What is o(92)?
-61
Let h(o) = o**3 - 4*o**2 - 302*o + 614. What is h(2)?
2
Let o(r) = 2*r**3 - 13*r**2 + 25*r + 8. Determine o(7).
232
Let z(g) = -g**3 + 4*g**2 + 125*g + 213. Calculate z(14).
3
Let w(q) = q**3 + 24*q**2 + 46*q - 90. What is w(-21)?
267
Let u(q) = -q**3 - 146*q**2 - 704*q + 146. Give u(-141).
5
Let t(f) = f**2 + 16*f - 301. Calculate t(11).
-4
Let r(v) = 176*v + 2821. Determine r(-16).
5
Let m(f) = -21*f**3 - 2*f**2 - 8*f - 6. Determine m(-1).
21
Let w(x) = -x**3 - 6*x**2 + 27*x + 34. Determine w(-10).
164
Let n(t) = -5295*t + 513618. Give n(97).
3
Let j(s) = -12*s**3 - 9*s**2 - 12*s - 4. Determine j(-1).
11
Let g(m) = 2*m**3 + 4*m**2 - 15*m + 21. What is g(-6)?
-177
Let a(l) = 5*l + 112. Determine a(-8).
72
Let r(a) = 5*a**3 - 7*a**2 + 6*a + 7. Give r(2).
31
Let u(f) = f**3 - 148*f**2 + 279*f + 1899. Determine u(146).
1
Let p(x) = -34*x + 475. Determine p(14).
-1
Let w(m) = -2*m**3 - 63*m**2 + 178*m - 2. Give w(-34).
-274
Let m(s) = -2*s**2 - 8*s - 3. Calculate m(-4).
-3
Let y(r) = 13*r + 1291. Calculate y(-99).
4
Let p(n) = 3*n**3 + 21*n**2 - 19*n + 3. Determine p(-8).
-37
Let m(h) = -2*h**3 - 68*h**2 - 72*h - 9. What is m(-33)?
189
Let l(c) = 347*c - 4803. Give l(13).
-292
Let p(r) = -r**2 + 12*r - 71. Determine p(18).
-179
Let z(x) = x**2 - 74*x + 589. Determine z(65).
4
Let v(p) = -38*p - 334. What is v(-8)?
-30
Let z(b) = -b**2 - 935*b - 6497. Determine z(-7).
-1
Let z(h) = 2*h**3 + 176*h**2 - 737*h - 28. Determine z(-92).
64
Let r(k) = -3*k**2 - 140*k + 168. Determine r(-49).
-175
Let r(h) = -67*h - 342. Calculate r(-5).
-7
Let b(l) = -l**3 + 6*l**2 + 103*l - 688. What is b(9)?
-4
Let p(x) = -x**3 - 10*x**2 + 15*x + 196. Calculate p(-7).
-56
Let v(b) = -65*b**3 - 391*b**2 + 2*b + 38. What is v(-6)?
-10
Let p(d) = -12*d**2 + 184*d + 340. Determine p(17).
0
Let o(i) = 3*i**3 - 2*i**2 + 2*i - 184. Determine o(0).
-184
Let v(s) = -29*s**2 + 5*s - 28. Give v(3).
-274
Let g(p) = p**2 - 110*p - 6595. Calculate g(153).
-16
Let k(q) = q**3 + 22*q**2 - 411*q - 88. What is k(-34)?
14
Let k(l) = 109*l + 191. What is k(-2)?
-27
Let y(r) = -2*r + 12. Calculate y(-10).
32
Let y(r) = 16*r**2 + 49*r + 282. Determine y(-5).
437
Let y(t) = -25*t**2 - 202*t - 17. Give y(-8).
-1
Let h(g) = 66*g**2 + 127*g + 4. What is h(-2)?
14
Let k(j) = 2*j**2 - 20*j + 16. Calculate k(5).
-34
Let x(y) = -y**2 + 113*y - 215. What is x(111)?
7
Let l(v) = -227*v**2 - 5*v + 4. Calculate l(1).
-228
Let f(t) = 2*t**2 - 6*t - 129. Give f(12).
87
Let m(f) = -15*f + 137. Give m(6).
47
Let o(y) = 1261*y - 5023. Determine o(4).
21
Let p(n) = 12*n**2 + 1350*n - 704. Determine p(-113).
-26
Let g(a) = -1064*a + 8516. Determine g(8).
4
Let o(x) = -x**3 - 11*x**2 - 53*x - 213. Calculate o(-7).
-38
Let c(m) = -3*m**2 + 165*m - 227. Give c(48).
781
Let g(i) = -3*i**2 + 1897*i + 19276. Give g(-10).
6
Let k(u) = 26*u**2 + 106*u + 7. Give k(-4).
-1
Let t(v) = 9*v**2 + 267*v + 1863. Determine t(-7).
435
Let v(m) = -1787*m + 1568. Calculate v(1).
-219
Let g(a) = -10*a**3 - 2*a**2 - 2*a - 7. Calculate g(-2).
69
Let i(j) = 516*j + 4651. Determine i(-9).
7
Let k(q) = -q**2 + 44*q - 58. What is k(21)?
425
Let v(p) = -p**2 + 126*p + 517. What is v(-4)?
-3
Let y(l) = -6*l**3 + 35*l**2 + 5*l + 14. What is y(6)?
8
Let p(g) = 39*g + 1665. What is p(-45)?
-90
Let t(v) = -v**3 + 4*v**2 + 40*v - 160. What is t(6)?
8
Let f(d) = 2*d**2 - 15*d + 4. What is f(7)?
-3
Let b(u) = -285*u - 1826. What is b(-7)?
169
Let r(n) = n**3 - 18*n**2 - 40*n - 5. Calculate r(20).
-5
Let f(x) = 19*x**2 - 174*x + 8. Give f(9).
-19
Let h(d) = 8*d - 462. Calculate h(57).
-6
Let r(z) = 7*z**3 - 15*z**2 - 44*z + 21. What is r(4)?
53
Let g(k) = 656*k + 1303. What is g(-2)?
-9
Let k(b) = 3*b**2 - 93*b + 182. What is k(29)?
8
Let p(u) = 2*u**3 - 19*u**2 + u - 43. Give p(7).
-281
Let y(d) = 2*d**3 - 27*d**2 - d + 122. Give y(13).
-60
Let f(d) = 1259*d - 7608. Determine f(6).
-54
Let w(m) = 2*m**3 + 127*m**2 - 78*m - 924. What is w(-64)?
-28
Let r(i) = i**3 + 8*i**2 + 123*i + 441. Calculate r(-4).
13
Let n(m) = -5*m**2 - 124*m - 4. Give n(-25).
-29
Let o(a) = 13*a**3 - 108*a**2 + 32*a - 4. Calculate o(8).
-4
Let n(f) = 15*f**2 + 177*f + 1205. Determine n(-7).
701
Let k(w) = -32*w**2 - 445*w + 2. Determine k(-14).
-40
Let l(t) = t**3 + 15*t**2 - 35*t - 32. W